be the first derivative of w + 0*w**2 - 2 - 2/3*w**3. Calculate s(y).
-1
Suppose l = -3*f - 78, 0 = 8*f - 5*f + 15. Let n = 64 + l. Let j(r) = 4*r**2 - r. Calculate j(n).
3
Let m be (5 - 9/3) + (2 - -1). Let p(v) = -3*v**2 + 4*v - 3. Let l(j) = -7*j**2 + 10*j - 7. Let a(i) = m*p(i) - 2*l(i). Give a(0).
-1
Let m(g) = g**2 - 6*g + 5. Suppose 28*c = 22*c + 36. Suppose 3*u - 5*z - 2 = 0, 0*u - u + c = z. Calculate m(u).
-3
Let r(z) be the second derivative of -z**4/12 - 5*z**3/6 - z**2 - 108*z. What is r(-3)?
4
Suppose -7 = -3*o + 17. Suppose f + o = -2. Let j = f - -13. Let i(g) = -g**2 + g + 2. What is i(j)?
-4
Let f be (-364)/30 + (-2 - (-352)/165). Let q(w) = w**3 + 11*w**2 - 11*w - 4. Calculate q(f).
-16
Let j(b) = 97*b - 83. Let h(f) = -53*f + 42. Let s(q) = 11*h(q) + 6*j(q). Give s(0).
-36
Let y(n) be the second derivative of n**4/12 + n**3/3 + 29*n**2/2 - 16*n. Let v(m) be the first derivative of y(m). What is v(-5)?
-8
Let d(k) = k**2 + 12*k + 7. Suppose 331*r - 324*r = -63. What is d(r)?
-20
Suppose 3*r - 2*r = 0. Let u(b) = b**3 - b - 4. Let g be u(r). Let f be (-20)/15*9/g. Let s(t) = t**3 - 5*t**2 + 5*t - 2. What is s(f)?
-5
Let w(g) = 2*g**3 + 7*g**2 + 4*g - 4. Let x(f) = -4*f**2 + 11*f - 1. Let m be x(3). What is w(m)?
-36
Let t(z) = 4 - 4*z - 14 + 6. Suppose 6*j + 12 = 2*j. Give t(j).
8
Let i(u) = 8*u. Let w(y) = 4*y + 2*y - 17*y + 3*y. Let r(g) = -5*i(g) - 6*w(g). Determine r(-2).
-16
Let q(t) be the second derivative of 1/6*t**4 + 5/6*t**3 - t**2 - 1/60*t**5 + 0 - 4*t. Let r(s) be the first derivative of q(s). What is r(6)?
-7
Let a be ((-52)/91)/(2/(-28)). Suppose 9*r - a = 11*r. Let w(c) = c**2 + 2*c - 3. Calculate w(r).
5
Let g(q) = -q**2 + 4*q - 2. Suppose 0 = 4*v - o - 24, -3*v = o + 2*o - 3. Suppose 2*x - l = 5*x - 45, 5*x + 3*l - 75 = 0. Suppose v + x = 4*s. What is g(s)?
-7
Let n(y) = 69*y**2 + 9 - 71*y**2 - 8. Determine n(-4).
-31
Let x = 1634 - 3267/2. Let d(w) be the first derivative of x*w**2 + 4*w + 5 - 1/4*w**4 - 1/3*w**3. Determine d(0).
4
Let n = -13 + 16. Let v(a) = n*a**3 - 2*a + 17*a**2 + 2*a - 6*a**2 + 5. Let h(j) = -j**3 - j**2 - 1. Let w(g) = 4*h(g) + v(g). Determine w(7).
1
Let n be (-4)/(-20) + (12/15 - 3). Let t(o) = -4*o + 5. Let y be t(n). Let f(a) = a - 18. Give f(y).
-5
Let c(r) = -r**3 + 7*r**2 - 7*r - 9. Let k = -1690 + 1696. What is c(k)?
-15
Let m(s) be the third derivative of s**4/24 - 7*s**3/6 + 15*s**2. Give m(15).
8
Let n(q) = -q**3 - 2*q**2 + 6*q + 4. Let b(r) = r**3 + r**2 - 6*r - 3. Let t(f) = 4*b(f) + 5*n(f). Suppose -6*s = -5*s - 5*s - 28. Determine t(s).
15
Suppose 0 = -13*v + 6*v + 56. Let a be (-91)/28 + 2/v. Let c(q) = -q**2 + 4. What is c(a)?
-5
Let l be 4/(-14) + 36/(-21). Let m(r) = -140 + 139 + 379*r - 187*r - 188*r. Calculate m(l).
-9
Let f be (-14)/5*(-140)/(-56). Let c(t) = -t**2 - 7*t - 12. Let i(h) = -h**2 - 7*h - 13. Let y(s) = -4*c(s) + 3*i(s). Calculate y(f).
9
Let h(g) = 2*g**2 + 6*g. Let n(y) = -2*y - 19. Let q be (2 + -1)/((-2)/14). Let w be n(q). Determine h(w).
20
Let t(s) = -s**3 + 7*s**2 - 8*s - 4. Suppose 4*u = -5*v + 53, 48 = 4*u + 26*v - 22*v. Give t(u).
-60
Let g(b) be the first derivative of -b**2 + 5*b + 198. Give g(3).
-1
Let p(l) = -114*l - 27. Let c(i) = -31*i - 7. Let q(y) = -11*c(y) + 3*p(y). What is q(-16)?
12
Let r(s) be the second derivative of -s**6/720 - s**5/15 + 3*s**4/4 - 6*s. Let j(u) be the third derivative of r(u). Calculate j(-6).
-2
Let i = 15 + -13. Suppose -i*k + k = 2. Let h = -9 - k. Let n(f) = -f**2 - 7*f - 7. Give n(h).
-7
Let l(x) be the first derivative of x**2 + 6*x + 1. Suppose -11*q + 108 = -38*q. What is l(q)?
-2
Let i(o) = -o**3 + 6*o**2 + 3*o - 7. Let g be (-78)/(-20) + 11/110. Suppose 10 = 2*d, 5*s - g*d = -2*d + 20. Give i(s).
11
Let w(i) = -i**3 - 9*i**2 + i + 3. Let q be -6*((-190)/20 - -11). Determine w(q).
-6
Let c(o) be the third derivative of 13*o**7/2520 + o**6/720 - o**4/6 - o**2. Let l(t) be the second derivative of c(t). Give l(-1).
12
Let a(o) = -10*o**2 + 3*o - 6. Let q(h) = 28*h**2 - 9*h + 16. Let s(n) = -8*a(n) - 3*q(n). Determine s(-1).
-7
Let w(d) = -22*d**2 + 12 + 21*d**2 - 2*d + d. Let q be w(3). Let i(t) = t**3 - t**2 - t + 2. What is i(q)?
2
Let u(i) = -i**3 + 4*i**2 - 4*i + 3. Suppose 31*o - 12 = 34*o. Let j be 4*(-6)/9*3/o. Calculate u(j).
3
Let m(z) = 2*z - 9. Suppose 5*l - 25 = -j, 0 = -2*j - j - 2*l + 23. Let b be 78/10 - (-1)/j. What is m(b)?
7
Let y(u) be the first derivative of -5*u**2/2 - 2*u - 4. Let v(z) = -6*z + 471. Let j be v(79). Give y(j).
13
Let q(z) = z**3 + 6*z**2 - z + 7. Let p be q(-6). Suppose -15*a + p*a = 48. Let j = 29 + a. Let n(o) = o**3 - 5*o**2 - 2*o + 7. Calculate n(j).
-3
Let z(l) = -18*l - 11. Let i be z(-3). Suppose -i = 5*s + 3*t, 0*s - 14 = 2*s - 2*t. Let j(v) = -v**2 - 10*v - 12. Calculate j(s).
4
Let q(d) be the third derivative of -d**5/60 + 11*d**4/24 - 2*d**3 - 40*d**2. Determine q(9).
6
Suppose 2*g + 5 = 3*g. Suppose -33 = -g*d + 12. Let u = 6 - d. Let c(y) = -y**2 + 1. Determine c(u).
-8
Let g(t) be the second derivative of -1/20*t**5 + 0 - 2*t**2 + 1/4*t**4 + 2*t + 2/3*t**3. Give g(3).
8
Let q(c) = -c**2 + 4*c - 2. Let j(v) = 8*v - 10. Let b be j(1). Let l be -3 - ((-4)/b - 10). Determine q(l).
-7
Let k = -22 + 85. Let h be 1*(k/14 - (-1)/2). Let l(g) = -g**2 + 3*g - 2. What is l(h)?
-12
Let o(v) be the first derivative of 2*v**3/3 + 2*v**2 - 2*v - 1740. Suppose 3*w - 2 = -14. What is o(w)?
14
Suppose 58*l + 125 = -49. Let i(s) = -s + 4. Calculate i(l).
7
Suppose 6*y = 4*y. Let m(x) be the second derivative of 3/2*x**2 + y + 1/4*x**4 + 2/3*x**3 - 2*x. Calculate m(-2).
7
Let g(u) = 9*u**2 - u. Let y(h) = -6*h**2 - 16*h + 7. Let c be y(-3). What is g(c)?
8
Let a(y) = y**3 - 4*y**2 + 2*y - 5. Let q be 300/(-525) - (-25)/7. Calculate a(q).
-8
Let s = 11 - 3. Suppose -3*v + 0*h = -3*h - 33, -5*h + s = 4*v. Let w be -3 + v - 0 - 0. Let k(q) = -q**3 + 3*q**2 + q + 1. Determine k(w).
-11
Let d(s) = 20*s**2 - 11*s - 16. Let h(n) = -4*n**2 + 2*n + 3. Let g(a) = -2*d(a) - 11*h(a). What is g(1)?
3
Let n(v) be the first derivative of -v**2/2 - 17*v - 33. Determine n(0).
-17
Let u = 45 - 7. Suppose -2*f - 4*j + u = 0, 7*f - 30 = 2*f + 3*j. Let z = f - 12. Let y(c) = -c**3 - 5*c**2 - 5*c - 3. Calculate y(z).
-6
Let o(j) be the third derivative of 4*j**2 + 0 + 0*j + 1/6*j**3 + 7/12*j**4. Let h = 2 - 3. What is o(h)?
-13
Let p(o) = 15*o**2 - 30*o - 2 - 9*o**2 + o**3 + 32*o. What is p(-5)?
13
Let u(j) = j**3 - 11*j**2 - 12*j - 2. Suppose -26*w = -27*w + 4. Suppose 63 = 5*d - f, 2*d + d + w*f - 24 = 0. Calculate u(d).
-2
Let f(b) be the second derivative of 3*b**2 + b - 1/20*b**6 + 1/12*b**4 + 1/6*b**3 + 0 + 1/60*b**5. Let y(j) be the first derivative of f(j). Calculate y(-1).
6
Let y(a) be the third derivative of -a**4/12 - 5*a**3/6 + 3*a**2 + 37. Let n be -4*(6/8)/1. Let m = -7 - n. Give y(m).
3
Let n(s) = -66 + 0*s**2 + 30 + s**2 + 38 + 6*s. Give n(-5).
-3
Let m(k) = 3*k + 2. Let l(g) = g. Let o(w) = 6*l(w) - m(w). Let c(r) = 8*r - 7. Let s(u) = 4*c(u) - 11*o(u). What is s(-6)?
0
Let k(h) = 5*h - 28. Let y(o) = o - 8. Let t(r) = -k(r) + 3*y(r). Calculate t(-10).
24
Let y be 48/(-6) + 9 + 1. Let o(q) = -q**2 + 4*q - 3. Calculate o(y).
1
Let c(r) = -3*r**2 - r + 1. Let u(s) = 16*s**2 + 9*s - 5. Let d(a) = -a. Let w(p) = -4*d(p) - u(p). Let g(v) = -11*c(v) + 2*w(v). What is g(-1)?
-1
Let o(w) be the first derivative of 0*w**2 - 2 - w - 1/3*w**3. What is o(2)?
-5
Let k(o) = -o**3 + o**2 + 2*o - 3. Suppose 6*n + 97 = -11. Let q = -15 - n. Give k(q).
-15
Let s(w) = -4*w + 25. Let t be s(5). Let q(k) = k**2 - 4*k - 5. Calculate q(t).
0
Suppose -16 = 4*y - 2*r, 0 = -0*y + 3*y + 3*r + 12. Let k(w) = -3*w - 549 - 554 - 3*w + 3*w + 1105. Calculate k(y).
14
Let z = 652 - 656. Let g(v) = 2*v - 3. Give g(z).
-11
Let y(h) = 7*h + 1. Suppose 0 = -30*i + 4*i + 52. Determine y(i).
15
Let r(n) = 3*n - 24*n**2 - n**3 + 0 + 17*n**2 + 2. Give r(-7).
-19
Let a = -2 + 3. Let m(z) be the first derivative of -z + 5/3*z**3 + 1/2*z**2 - 12. Calculate m(a).
5
Let m(f) = -3*f + 3 + 0*f**2 - 38*f**3 + 19*f**3 + 20*f**3 - 5*f**2. Calculate m(6).
21
Let u(n) be the second derivative of n**4/6 + n**3/6 - n**2 + n + 99. Suppose -3*a + r = 3, 0*a + a = r + 1. Give u(a).
4
Suppose -2*x - 2 = -6. Let r(p) = 2*p +